 = j. What is the units digit of x(m)?
2
Let b(q) = -q + 4. Let h be b(-8). Suppose -3*l = -4*l + 2*g + h, -2*l + 5*g = -29. What is the tens digit of (-69)/(-7) - l/(-14)?
1
Suppose 2*d = 3*d + 3*x + 9, -29 = -3*d + 5*x. Let y = d + -4. What is the units digit of (y*3)/((-21)/56)?
8
Suppose -2*a - 4*k + 4 = 0, k = -a + 2*a - 2. Suppose -a*m + 342 = -4*i, -m + 5*i + 83 + 76 = 0. What is the units digit of m?
9
Let s(q) = -3*q - 21. Let f be s(-7). Suppose f*k - 2*k + 502 = 0. What is the hundreds digit of k?
2
Suppose 0 = -y + 7*c - 2*c - 49, 13 = -y - 4*c. What is the units digit of (-4 - y)/(1/3)?
5
Let k(r) = r**3 + 23*r**2 + 4*r - 48. What is the units digit of k(-17)?
8
Let i(d) = -d**2 + 10*d - 9. Let r be i(9). Suppose -5*l + o + 106 = r, -5*l + 53 = -3*o - 55. What is the units digit of l?
1
Let v(c) = -c**2 - 6*c. Let s be v(-5). Suppose -5*u - 485 = 5*r, 36 = -r + s*u - 31. What is the tens digit of 5/1*r/(-10)?
4
Let s(k) = -k. Let w be s(-2). Suppose 56 = w*z - 96. What is the units digit of z?
6
What is the hundreds digit of (940/12)/((-3)/(-18))?
4
Suppose 3*i - 6 = -b, -4*b + 2*i = 4*i - 4. Suppose -3*r = 5*j + 202, b = r - 5*j + 14 + 60. What is the units digit of (-3)/9*r + -2?
1
Let z = 82 - 62. What is the units digit of z?
0
Let b(l) = -l + 4. Suppose -18*v = -13*v. Let j be b(v). Suppose 2*o + 3*u - 121 = -0*o, -j*o - u + 267 = 0. What is the units digit of o?
8
Suppose 0 = -3*q - 15, 76 = 11*n - 7*n - 4*q. What is the tens digit of n?
1
Let i(a) = 2*a + 44. Let d be i(-21). Suppose d*m - 396 = -4*r - 0*m, 206 = 2*r - 3*m. What is the hundreds digit of r?
1
Let v(g) = -g**2 + 12*g + 25. Let x be v(10). Suppose -x = -n - 23. What is the tens digit of n?
2
Let p(w) = w**3 + 12*w**2 + 18*w + 24. Let i be p(-10). Let o be (1 - 1) + -8 + 1. What is the units digit of i/7 - (-2)/o?
6
Let n(b) be the third derivative of b**6/120 + b**5/15 - b**4/4 + b**3 + 21*b**2. Suppose -3 = y + 2. What is the tens digit of n(y)?
1
Suppose -4*i = -3*p - 0 + 4, -4*p + 1 = -i. Let o(n) be the first derivative of n**3/3 - n**2 - n + 7. What is the units digit of o(i)?
2
Let c be -4 + (19671/3 - 3). Let d = 3319 - c. What is the tens digit of 4/(-14) + d/(-63)?
5
Let p(k) = 11*k + 26. Let f(s) = -5*s - 13. Let d(o) = 13*f(o) + 6*p(o). Let z be d(3). What is the units digit of (-3)/(-2) + z/(-4)?
4
What is the hundreds digit of (0 - -4)/(6/741)?
4
Let q = -403 + 452. What is the tens digit of q?
4
Suppose 0 = 7*p - 19*p + 13536. What is the units digit of p?
8
Let r = -322 + 1045. What is the tens digit of r?
2
Let x(g) = -2*g - 15. Let p be x(-9). Suppose -4*f = -2*j + 126, -232 = -p*j - j + 4*f. What is the tens digit of j?
5
Let o be (4/(-6))/((-5)/(-15)). Let p be (-1)/(o - (-94)/48). What is the units digit of -5*(p/(-5))/1?
4
Let s = -139 + 106. What is the units digit of 6/33 + (-1710)/s?
2
Let f(r) be the second derivative of -7*r**3/6 + 2*r**2 + 2*r. Let z be ((-22 - -18) + 12 + -1)*-1. What is the units digit of f(z)?
3
Suppose -6 = -v - 0*v. What is the tens digit of 87/v - 4/(-8)?
1
Let i(r) = 116*r - 4. Let z(k) = 174*k - 6. Let l(u) = -7*i(u) + 5*z(u). What is the tens digit of l(1)?
5
Let v = 10 + -5. Suppose -v*h - 4*m + 37 = -2*m, 0 = 3*h - 2*m - 19. What is the tens digit of 258/10 - h/(-35)?
2
Suppose g - 491 = -2*b, g - 4 = 1. Suppose -3*h = 4*j - b, 0*h + 5 = h. What is the units digit of j?
7
What is the tens digit of 27766/24 - (369/(-108))/41?
5
Let k = -15 + 9. What is the tens digit of -14*21/k - -2?
5
Let m(o) = 56 + o + 5*o**2 - 5*o**2 + o**3 + 56. What is the hundreds digit of m(0)?
1
Suppose -5*x + 283 = -3*y, -3*y + 2*y = 1. Suppose -2*c = z - x, -5*z = -c + 2*c - 37. What is the tens digit of c?
2
Suppose -37*i + 646 = -18*i. What is the tens digit of i?
3
Let f = -615 - -941. What is the tens digit of f?
2
Suppose -5*v - 148 = 27. What is the tens digit of -1 - (-9)/5 - 1547/v?
4
Let q = -378 + 575. What is the units digit of q?
7
Suppose 3*h - 10*h + 3843 = 0. Suppose 3*s - 555 = 6*x - 3*x, h = 3*s - x. What is the hundreds digit of s?
1
Suppose -t = 3*k - 959, -132 = -3*k - 2*t + 826. What is the tens digit of k?
2
Let d = -147 - -141. Let z(c) be the third derivative of -c**6/120 - c**5/10 - c**4/8 - 5*c**3/2 - 2*c**2. What is the units digit of z(d)?
3
Let l = -10 + 13. Suppose -l*x + 2*x - 15 = 0. Let q = 2 - x. What is the units digit of q?
7
Let c(x) = -96*x + 0 + 97*x + 20. Suppose h - 2 = 8. What is the units digit of c(h)?
0
Let b = -98 - -147. Suppose -5*q + 4*p = -b, -23 = -2*q - 2*p + 11. What is the tens digit of q?
1
Suppose 1927*k = 1925*k + 8416. What is the thousands digit of k?
4
Let k(o) = -o**2 - 23*o + 37. Let h be k(-20). Let w = h + -70. What is the units digit of w?
7
Suppose -m - 4*a + 72 = 0, -m + a + 63 = 2*a. Let t = -22 + m. What is the units digit of t?
8
Let s = 24 - 21. Suppose -s*x + 4*a = 5*a - 689, -5*x = 5*a - 1155. What is the units digit of x?
9
Suppose -10 = 2*j - 20. Suppose 0 = -u - 2*x + 139, 4*u - 7*u - j*x + 420 = 0. What is the tens digit of u?
4
Suppose 5*t - 17 - 22 = w, -2*w - 8 = 0. Let k(d) = d**3 - 8*d**2 + 10*d + 5. What is the tens digit of k(t)?
2
Let r(q) = -q**2 - 2*q + 2. Let f be r(3). Let t = f + 27. Suppose 2*w - 12 = t. What is the tens digit of w?
1
Suppose q - d - d = 9, -3 = -5*q - 4*d. Suppose -4*a + i + 552 = 212, q*i = 0. What is the tens digit of a?
8
Suppose 5*r - 4*f = -0*r - 68, -2*f - 70 = 4*r. Let i = r - -57. What is the tens digit of i?
4
Suppose -13 = 2*m + 5*f, -2*f - 3 = m + 2*m. Suppose -r = m - 6. Suppose 2*v + r*y = -18, 0 = -3*v - 3*y + 3 - 12. What is the units digit of v?
1
Suppose 2*q + 4*n - 33 - 21 = 0, -q - n = -24. What is the units digit of q?
1
Suppose 4*v + 10 = 2*o, 0 = -4*o - 7*v + 3*v + 20. Suppose 5*u = o*g + 10, u = 2*u - 3*g - 4. What is the units digit of u?
1
Let r(u) = -u - 5. Let a be r(-9). Suppose 0 = -0*b - 2*b - a. What is the units digit of 8/b*(-21)/12?
7
Suppose -9*v + 48930 = 12*v. What is the hundreds digit of v?
3
Suppose -9 - 35 = -4*i. Let o(l) = 7*l**2 - l + 5. Let y(q) = -8*q**2 - 4. Let n(c) = 7*o(c) + 6*y(c). What is the tens digit of n(i)?
5
Suppose 4*r - 31 - 1 = 0. Let b be 1/2 + 12/r. What is the tens digit of -116*((-36)/16 + b)?
2
Let r(c) = c**3 + 28*c**2 + 24*c - 14. What is the tens digit of r(-25)?
6
Let m = -926 - -1700. What is the tens digit of m?
7
Let r be 1/6 - (-20)/24. What is the units digit of 14/(r/(-6)*-4)?
1
Suppose -4*z + 24 = 8. Suppose z*x - 21 = 71. What is the tens digit of x?
2
Let c(o) be the third derivative of -o**6/120 + o**4/8 + o**3/6 - 5*o**2. Let f be c(-2). What is the tens digit of (f/((-9)/(-111)))/1?
3
Let u = 337 + -106. What is the hundreds digit of u?
2
Let d = 9 - 6. Let w be (-51)/(d*(-2)/6). Let x = w - 31. What is the units digit of x?
0
Suppose 45*d - 1587 - 4218 = 0. What is the units digit of d?
9
Let z = 3385 - 1254. What is the thousands digit of z?
2
Let m(h) = -6*h. Let f be m(0). Suppose 4*i - 2 + 6 = 0. What is the units digit of f + 2*(i + 2)?
2
Let w(l) = l**3 + 19*l**2 - 2*l + 29. Let y(i) = -i**3 - 3*i**2 - i + 3. Let m be y(2). What is the units digit of w(m)?
7
Suppose 133 = 15*c - 107. Let d(u) = -u**2 + 29*u - 23. What is the units digit of d(c)?
5
Suppose -6957*i + 6962*i - 10340 = 0. What is the tens digit of i?
6
Suppose 2*g = -3*g + 35. Let a = g - 4. Suppose -5*q = -33 + a. What is the units digit of q?
6
Let c be 2 - -1 - 1*-595. Suppose c = -k + 2*k. What is the units digit of k/39 - (-1)/(-3)?
5
Let z(h) = -h. Let f(w) = -3*w - 15. Let y(l) = f(l) + 4*z(l). What is the units digit of y(-6)?
7
Suppose 6*n - 9*n = 2*w - 4668, 0 = 5*w + 2*n - 11681. What is the units digit of w?
7
Suppose -8*j = -13*j + 4*a + 1638, 2*j + 4*a - 644 = 0. What is the tens digit of j?
2
Let i(t) = -t + 15. Suppose f - 4*f + 5*c + 5 = 0, c - 22 = -4*f. What is the units digit of i(f)?
0
Suppose -2*c + 4*c - 7 = s, 0 = -5*c + 3*s + 17. Suppose -5*l + c*l + 42 = 0. What is the tens digit of l?
4
Let y(f) = 15*f**2 - 14*f - 3. What is the hundreds digit of y(-5)?
4
Let i = -40 - -43. Suppose -s + 232 = 5*c + 81, 105 = i*c - 3*s. What is the units digit of c?
1
Suppose -5*x + 2*n + 862 = 0, -3*x + 884 = 4*n + 346. Suppose 0 = -3*l + 6, 7*l - 4*l = t +